 tens digit of q?
5
Suppose 4*c + c + 200 = 0. Let h be 8/c + 4/(-5) + -71. What is the units digit of (12/(-5))/(h/30 + 2)?
6
Suppose m - 2702 = -5*o, -3*o - 5*m - 1638 = -6*o. Let l = o - 159. What is the hundreds digit of l?
3
Let s be ((-517)/33 + 11)*(-27)/2. Suppose -31443 = -s*t + 16*t. What is the units digit of t?
9
Suppose 4*w = -a - 1729, w - 3*a + 2*a = -431. Suppose -8*r - 2810 = 2094. Let x = w - r. What is the tens digit of x?
8
Suppose -13*p = -p - 47508. Let k = p + -2749. What is the tens digit of k?
1
What is the ten thousands digit of (-141246)/(-14) + (15 - 35)?
1
Suppose -9*z + 33 = -6*z. Let i(g) = 2*g**3 + 6 - 6*g - z*g**3 + 5*g**2 + 13*g**3. What is the tens digit of i(3)?
4
Suppose 21*v = 2994 + 8976. Let w = 1009 - v. What is the tens digit of w?
3
Suppose 5*h = -0*h + 5, 0 = 4*u + 4*h - 3228. Let y = -533 + u. What is the units digit of y?
3
Suppose 3*z + 2*d = 157853, -79*z = -75*z + 3*d - 210468. What is the tens digit of z?
2
Let m(n) = -4*n**3 - 35*n**2 - 68*n + 13. Let k(x) = 7*x**3 + 69*x**2 + 135*x - 25. Let o(f) = -3*k(f) - 5*m(f). What is the units digit of o(-30)?
0
Let m be (6/(-4))/(2 - 2607/1302). Suppose -3*z = -4*l - m, 2*z - 8*l - 434 = -5*l. What is the tens digit of z?
1
Let m = -4 + 114. What is the thousands digit of 8/44 - (-188740)/m?
1
Let u(t) = -t**2 + t. Let i be u(1). Suppose -64*j + 77*j - 11232 = i. What is the hundreds digit of j?
8
Let b(p) = -35*p - 76. Let m be (0 - (-1)/3)*-42. What is the hundreds digit of b(m)?
4
Let w(v) = -v**3 - 20*v**2 - 38*v. Let q be w(-19). Suppose 363*p = q*p + 484. What is the tens digit of p?
4
Let d(p) = 3*p - 43. Let u be d(25). Let g = 7 + u. Let a = g - 21. What is the units digit of a?
8
Let c(v) = 6*v - 3. Let f be c(2). Let t(r) = r - 5*r + 3*r + 2*r + 19. What is the units digit of t(f)?
8
Suppose -3*z - 1110 - 5186 = -2*w, z + 4 = 0. What is the hundreds digit of w?
1
Suppose -721980 = -35*n + 385346 + 105424. What is the hundreds digit of n?
6
Suppose 5*m + 5*k - 184855 = 0, k + 173 = 170. What is the hundreds digit of m?
9
Let m(x) be the first derivative of -1/4*x**4 - 14 + 11/3*x**3 - 2*x**2 - 13*x. What is the hundreds digit of m(9)?
1
Suppose 2*r + 577 = 5*r + 4*u, -5*u = 10. Suppose r = -3*f + 6*f. Let h = -9 + f. What is the units digit of h?
6
Let f(b) = 2*b + 21. Let v be f(-9). Suppose h + 1 = 0, -v*i - 4*h - h + 298 = 0. Suppose 0 = -4*l + 23 + i. What is the units digit of l?
1
Suppose -q + 6*i + 2578 = i, -i + 2572 = q. What is the tens digit of q?
7
Suppose 2*i + 3*n - 2995 = 0, -14*i + 16*i + n - 3001 = 0. What is the tens digit of i?
0
Suppose -4*r + 8*r = -76. Let k(v) = -28*v - 22. Let h be k(6). Let w = r - h. What is the hundreds digit of w?
1
Suppose -2*b + 1076*o + 29952 = 1079*o, b = 3*o + 14958. What is the thousands digit of b?
4
Let k(w) = 3*w**2 + w + 13. Let i(s) = s**2 + 4. Let p(o) = -8*i(o) + 3*k(o). Let n = 16929 + -16924. What is the units digit of p(n)?
7
Let w(j) = -j**3 + 12*j**2 + 13*j - 7. Let h be w(13). Let f(m) = m**3 + 8*m**2 + 9*m + 6. Let t be f(h). What is the units digit of -22*5/t*(8 - 4)?
5
Let r = 353 + -349. What is the units digit of (-203)/(-63) + r/(-18)?
3
Suppose 4*c - 9*k + 5*k = 128, 0 = c + k - 34. What is the units digit of 5/(-2)*c*10/(-75)?
1
Suppose 6*p = 17*p - 1606. Let t = 470 + -178. Suppose -p = -2*s - r, -3*s - 3*r + t = s. What is the units digit of s?
3
Suppose k = f - 18971, -17384 = -f + 3*k + 1589. What is the ten thousands digit of f?
1
Suppose -37 - 43 = -5*b. Suppose b = -22*r + 23*r. Suppose 0 = -3*h - h + r, d - 2*h - 221 = 0. What is the hundreds digit of d?
2
What is the tens digit of (-25)/10*48324/(-30)?
2
Suppose -5*v + 5*k + 5485 = 0, -v + k = 3*k - 1100. Suppose 2*p - 3*f = v, -3*p + 4*f = -1679 + 33. What is the tens digit of p?
4
Let y = -17662 + 33316. What is the units digit of y?
4
Suppose 4*s = v + 14808, 0 = 2*s + 7*v - 3*v - 7404. What is the hundreds digit of s?
7
Let j = 158188 - 93812. What is the units digit of j?
6
Let h(g) = g**3 + 12*g**2 + 4*g - 72. Let o be h(-11). Suppose a + 8*t - 4*t - 500 = 0, o*t = 5*a - 2475. What is the units digit of a?
6
Suppose 0 = -66*h + 26860 + 62240. What is the hundreds digit of h?
3
Let j be 2/(-4) + 11145/(-30). Let c = j - -591. Let n = c - 74. What is the tens digit of n?
4
Let d = -37150 + 37914. What is the hundreds digit of d?
7
Suppose 0 = -3*s + 2*o + 37, -25 = -s - 4*s - 4*o. Suppose -11 = s*m - 2. What is the hundreds digit of ((0 - 1)*149)/m?
1
Suppose -8*t - 5*g - 17 = -4*t, 2*g + 10 = 0. Suppose -6*w + 44 = 14. Suppose w*x - 883 = j, -4*x = t*j - 3*j - 707. What is the hundreds digit of x?
1
Let f = 955 - 628. Suppose 2*p - c - f = -2*p, 2*p + c - 171 = 0. What is the tens digit of p?
8
Suppose 5*c = 4*g + 15048, 0 = 20*c - 21*c + 5*g + 2997. What is the hundreds digit of c?
0
Let d(r) = 15*r + 108. Let f be d(-7). Suppose -s + 583 = f*b, 4*b - 973 = -b - s. What is the units digit of b?
5
Suppose 49*r - 209 - 221 = -185. Let n(d) = -2 - 16 - 4 + 14*d. What is the units digit of n(r)?
8
Suppose 5*v + 1099 + 111 = 0. Let p = v - -551. What is the units digit of p?
9
Let v be ((0/4)/8)/(-2 - -5). Suppose 0 = 2*x - h + 6*h - 118, -5*x + h + 241 = v. What is the tens digit of x?
4
What is the hundreds digit of 9 - (-9 - 21368)*2?
7
Let g(s) = s**3 + 11*s**2 - 25*s - 153. Let v be g(-12). Let b(o) = 4*o + 9*o**2 - 7 + 2 + 0. What is the tens digit of b(v)?
8
Let x(i) = -i - 4. Let c be x(-9). Suppose 3*p + 10 + 5 = -3*h, c*p = -4*h - 18. What is the units digit of (h/14 - (-1)/6)*-186?
2
Let u(a) = -37*a + 3. Let i(b) = b**3 + b**2 + 3*b - 4. Suppose f = -10*f + 2*f. Let r be i(f). What is the tens digit of u(r)?
5
Let k = -25972 - -65123. What is the hundreds digit of k?
1
Suppose -w + 0*w + 216 = -4*t, 2*w + 162 = -3*t. What is the units digit of (-2031)/(-2)*3*(-12)/t?
7
Let i(s) = 57*s**2 + 56*s + 2. Let z(f) = -28*f**2 - 27*f - 1. Let w(r) = -6*i(r) - 13*z(r). What is the units digit of w(-4)?
3
What is the hundreds digit of (38409/(-124))/((-4)/(-7) - 184/224)?
2
Let i(j) = j**2 - 4*j + 10. Let p be 4*(-7)/2*3/(-14). Let w be (-2)/p + 22/6. What is the units digit of i(w)?
7
Let d(s) = 21*s - 389. What is the hundreds digit of d(52)?
7
Let z(l) = l**2 - 3*l - 1. Let u(v) be the second derivative of 5*v**3/6 + 2*v**2 + 21*v. Let o be u(-2). What is the units digit of z(o)?
3
Let j(c) = 10*c - 62. Let q be j(7). Suppose 2*b = q*b - 2070. What is the tens digit of b?
4
Let c = -69 - -240. What is the tens digit of 18/c - (-22872)/38?
0
Let d(l) = 333*l**2 + 40*l - 23. What is the tens digit of d(3)?
9
Let t(n) be the third derivative of -n**5/20 + 19*n**4/4 - 25*n**3/2 + 2*n**2 - 32. What is the hundreds digit of t(34)?
3
Suppose 4 = -241*x + 245*x. Let n(v) = 448*v**3 + 2*v**2 - 3*v + 1. What is the hundreds digit of n(x)?
4
Suppose -27*s - 4412 = -3*o - 32*s, 4*o + 3*s = 5868. What is the tens digit of o?
6
Let u = -1332 + 2407. Suppose 0*k - 1040 = -5*k - 2*n, 5*n = 5*k - u. What is the tens digit of k?
1
Let r = 816 - -232. Suppose -r = -10*q + 2072. What is the units digit of q?
2
Suppose -5*a = 5, 5*a = -5*v + 12876 + 394. Suppose 3*s - 2*c + 829 = 2426, -5*s + 2*c + v = 0. What is the tens digit of s?
2
Let o be 27/(-6)*20/(-45). Suppose 4*v + 2*j = 1362, 3*v - 1707 = -o*v - j. What is the units digit of v?
2
Suppose 5*v - 563 = 42. Let l = v + -61. Suppose -55*n - 830 = -l*n. What is the units digit of n?
6
Let x = -76534 - -108641. What is the hundreds digit of x?
1
Let d = 9 - -1. Suppose d = 5*w, -5*w = -4*n - 2*w + 2. Suppose -2*q = -5*r - 155, -4*r - 173 + 13 = -n*q. What is the units digit of q?
0
Let v = 5808 + 7941. What is the ten thousands digit of v?
1
Let r(u) = u**2 - 46*u + 11218. What is the thousands digit of r(0)?
1
What is the thousands digit of ((-1605)/428)/((-1)/276)?
1
Suppose 5*n - 9290 = -96*g + 92*g, -5*n + 9290 = 5*g. What is the units digit of n?
8
Suppose 4*q + 35*m = 50*m + 19751, -4*m + 14920 = 3*q. What is the hundreds digit of q?
9
Let z = -116 - -118. Suppose 4*l + 8 = z*u + 24, 9 = 5*l + 3*u. Suppose -4*t + l*x + 573 = 0, 4*t = 4*x + 431 + 137. What is the hundreds digit of t?
1
Let y = 291 - 408. Let p = 105 - y. What is the tens digit of p?
2
Let p = 18